 thousands digit of 5079157?
9
What is the ten thousands digit of 762227417?
2
What is the units digit of 229060691?
1
What is the thousands digit of 156760725?
0
What is the tens digit of 100153429?
2
What is the millions digit of 1185768245?
5
What is the ten millions digit of 252821490?
5
What is the hundred millions digit of 902234398?
9
What is the ten millions digit of 3099902094?
9
What is the millions digit of 3387239311?
7
What is the thousands digit of 29591266?
1
What is the hundred thousands digit of 147449936?
4
What is the units digit of 206617774?
4
What is the billions digit of 3654021745?
3
What is the hundreds digit of 483300231?
2
What is the units digit of 389458393?
3
What is the thousands digit of 137188084?
8
What is the hundreds digit of 23554165?
1
What is the hundred thousands digit of 88248009?
2
What is the hundred millions digit of 349305102?
3
What is the tens digit of 138006547?
4
What is the ten millions digit of 341086269?
4
What is the thousands digit of 1470981519?
1
What is the thousands digit of 190545306?
5
What is the hundreds digit of 322754736?
7
What is the millions digit of 328041243?
8
What is the hundred millions digit of 202396021?
2
What is the millions digit of 52120937?
2
What is the millions digit of 78620126?
8
What is the millions digit of 115914723?
5
What is the ten thousands digit of 13257741?
5
What is the millions digit of 17677818?
7
What is the hundred thousands digit of 156765642?
7
What is the ten millions digit of 135524914?
3
What is the hundred millions digit of 311236556?
3
What is the hundred millions digit of 1407488823?
4
What is the thousands digit of 2796776358?
6
What is the hundred millions digit of 2597216515?
5
What is the millions digit of 52367495?
2
What is the millions digit of 338254602?
8
What is the units digit of 2927143966?
6
What is the hundred millions digit of 2175425630?
1
What is the hundred millions digit of 321458604?
3
What is the hundreds digit of 42713026?
0
What is the units digit of 46868431?
1
What is the ten thousands digit of 203724783?
2
What is the hundred millions digit of 3728738226?
7
What is the millions digit of 36964997?
6
What is the ten thousands digit of 1239586438?
8
What is the ten thousands digit of 1799048165?
4
What is the tens digit of 71298433?
3
What is the ten thousands digit of 617907748?
0
What is the millions digit of 636805964?
6
What is the millions digit of 143454118?
3
What is the ten thousands digit of 1934782330?
8
What is the ten thousands digit of 348403720?
0
What is the hundred thousands digit of 6374674482?
6
What is the hundred millions digit of 165709652?
1
What is the thousands digit of 177135377?
5
What is the units digit of 2316616881?
1
What is the units digit of 312583976?
6
What is the hundred thousands digit of 1131701668?
7
What is the hundred millions digit of 734822129?
7
What is the hundreds digit of 3515476280?
2
What is the ten millions digit of 146379885?
4
What is the millions digit of 29421347?
9
What is the thousands digit of 36166045?
6
What is the units digit of 28108447?
7
What is the hundreds digit of 764992300?
3
What is the ten thousands digit of 2913780638?
8
What is the units digit of 470434314?
4
What is the ten millions digit of 572700009?
7
What is the ten millions digit of 3780960562?
8
What is the tens digit of 36521889?
8
What is the units digit of 1612059901?
1
What is the tens digit of 335547672?
7
What is the units digit of 529940964?
4
What is the hundred thousands digit of 483788171?
7
What is the tens digit of 14733344?
4
What is the tens digit of 29528985?
8
What is the hundreds digit of 13926256?
2
What is the hundred thousands digit of 45389387?
3
What is the hundred millions digit of 190728866?
1
What is the ten thousands digit of 377963?
7
What is the hundreds digit of 344098414?
4
What is the hundred thousands digit of 29576520?
5
What is the hundred thousands digit of 51410430?
4
What is the ten thousands digit of 286627671?
2
What is the hundreds digit of 828230543?
5
What is the tens digit of 287189422?
2
What is the ten millions digit of 87702552?
8
What is the ten thousands digit of 1387346593?
4
What is the ten millions digit of 57528511?
5
What is the millions digit of 73660465?
3
What is the thousands digit of 21618971?
8
What is the hundred millions digit of 3555278493?
5
What is the thousands digit of 333129334?
9
What is the ten millions digit of 64449554?
6
What is the hundreds digit of 30616224?
2
What is the hundred thousands digit of 2854177461?
1
What is the units digit of 33135002?
2
What is the ten millions digit of 2811747536?
1
What is the hundreds digit of 164523614?
6
What is the ten thousands digit of 129346852?
4
What is the ten millions digit of 61855898?
6
What is the units digit of 265998045?
5
What is the ten millions digit of 976330080?
7
What is the hundred thousands digit of 46728360?
7
What is the hundreds digit of 95361874?
8
What is the ten thousands digit of 604835494?
3
What is the hundreds digit of 29630194?
1
What is the hundred thousands digit of 36020526?
0
What is the billions digit of 1917439899?
1
What is the tens digit of 9515906?
0
What is the tens digit of 37888849?
4
What is the ten thousands digit of 26858906?
5
What is the tens digit of 200067964?
6
What is the thousands digit of 62062700?
2
What is the tens digit of 85652540?
4
What is the thousands digit of 525771395?
1
What is the thousands digit of 3118513093?
3
What is the thousands digit of 35131471?
1
What is the ten thousands digit of 9974663?
7
What is the ten thousands digit of 445550702?
5
What is the millions digit of 5069773439?
9
What is the hundred millions digit of 794320088?
7
What is the ten millions digit of 38488834?
3
What is the units digit of 745825748?
8
What is the millions digit of 242352307?
2
What is the ten millions digit of 189727353?
8
What is the tens digit of 3401027337?
3
What is the ten thousands digit of 941126528?
2
What is the millions digit of 597581248?
7
What is the hundreds digit of 1692897436?
4
What is the thousands digit of 223854405?
4
What is the ten thousands digit of 928954579?
5
What is the tens digit of 848582733?
3
What is the hundred thousands digit of 147880485?
8
What is the units digit of 619029142?
2
What is the units digit of 139875878?
8
What is the thousands digit of 188684748?
4
What is the units digit of 2942841404?
4
What is the hundred thousands digit of 309068382?
0
What is the ten millions digit of 4648255821?
4
What is the ten thousands digit of 76607455?
0
What is the ten thousands digit of 775313772?
1
What is the thousands digit of 63090973?
0
What is the hundred thousands digit of 3468677?
4
What is the hundred millions digit of 3754418923?
7
What is the millions digit of 2120405533?
0
What is the millions digit of 362362214?
2
What is the ten thousands digit of 94000592?
0
What is the tens digit of 217595761?
6
What is the thousands digit of 17300429?
0
What is the tens digit of 162663855?
5
What is the hundred millions digit of 615793064?
6
What is the hundreds digit of 6600850?
8
What is the ten millions digit of 1378924400?
7
What is the millions digit of 72444176?
2
What is the thousands digit of 365927297?
7
What is the hundred thousands digit of 2124541764?
5
What is the hundred thousands digit of 1601985681?
9
What is the hundred thousands digit of 48590756?
5
What is the ten thousands digit of 927714327?
1
What is the ten millions digit of 131811756?
3
What is the millions digit of 31551061?
1
What is the billions digit of 4909442779?
4
What is the ten millions digit of 14000813?
1
What is the millions digit of 31167188?
1
What is the thousands digit of 103470404?
0
What is the units digit of 109916027?
7
What is the tens digit of 4535597953?
5
What is the ten thousands digit of 1317603924?
0
What is the units digit of 303214960?
0
What is the units digit of 5609215484?
4
What is the ten thousands digit of 970976341?
7
What is the hundred millions digit of 358930789?
3
What is the billions digit of 2108073176?
2
What is the millions digit of 163229817?
3
What is the thousands digit of 2232253974?
3
What is the thousands digit of 47961594?
1
What is the millions digit of 130796286?
0
What 